s of 1417.
13, 109
What are the prime factors of 1103?
1103
List the prime factors of 517.
11, 47
List the prime factors of 43.
43
List the prime factors of 54585.
3, 5, 1213
List the prime factors of 5009.
5009
List the prime factors of 159383.
7, 22769
List the prime factors of 117802.
2, 58901
List the prime factors of 4369.
17, 257
What are the prime factors of 9504?
2, 3, 11
What are the prime factors of 157307?
157307
What are the prime factors of 1472?
2, 23
What are the prime factors of 1946?
2, 7, 139
List the prime factors of 7966.
2, 7, 569
What are the prime factors of 4322?
2, 2161
List the prime factors of 19746.
2, 3, 1097
What are the prime factors of 342?
2, 3, 19
What are the prime factors of 14228?
2, 3557
What are the prime factors of 65854?
2, 19, 1733
List the prime factors of 34855.
5, 6971
What are the prime factors of 318?
2, 3, 53
What are the prime factors of 1279?
1279
What are the prime factors of 90195?
3, 5, 7, 859
What are the prime factors of 24253?
79, 307
List the prime factors of 1327.
1327
What are the prime factors of 4801?
4801
List the prime factors of 104183.
104183
What are the prime factors of 15650?
2, 5, 313
What are the prime factors of 1116?
2, 3, 31
What are the prime factors of 59896?
2, 7487
List the prime factors of 10363.
43, 241
What are the prime factors of 29895?
3, 5, 1993
List the prime factors of 4985.
5, 997
What are the prime factors of 2909?
2909
What are the prime factors of 25251?
3, 19, 443
What are the prime factors of 56850?
2, 3, 5, 379
What are the prime factors of 4499?
11, 409
List the prime factors of 3565.
5, 23, 31
What are the prime factors of 12041?
12041
List the prime factors of 67143.
3, 22381
What are the prime factors of 19152?
2, 3, 7, 19
What are the prime factors of 74322?
2, 3, 4129
List the prime factors of 8208.
2, 3, 19
What are the prime factors of 3743?
19, 197
List the prime factors of 12821.
12821
What are the prime factors of 1650?
2, 3, 5, 11
List the prime factors of 12044.
2, 3011
What are the prime factors of 1189?
29, 41
List the prime factors of 75206.
2, 31, 1213
List the prime factors of 1824.
2, 3, 19
List the prime factors of 4866.
2, 3, 811
List the prime factors of 20307.
3, 7, 967
List the prime factors of 7760.
2, 5, 97
What are the prime factors of 12053?
17, 709
What are the prime factors of 52944?
2, 3, 1103
List the prime factors of 25368.
2, 3, 7, 151
List the prime factors of 4149.
3, 461
List the prime factors of 8498.
2, 7, 607
What are the prime factors of 6531?
3, 7, 311
What are the prime factors of 21827?
13, 23, 73
List the prime factors of 2386.
2, 1193
What are the prime factors of 13143?
3, 13, 337
What are the prime factors of 92489?
92489
What are the prime factors of 3908?
2, 977
What are the prime factors of 1129?
1129
List the prime factors of 4272.
2, 3, 89
What are the prime factors of 37987?
37987
What are the prime factors of 34484?
2, 37, 233
What are the prime factors of 12872?
2, 1609
List the prime factors of 95081.
7, 17, 47
What are the prime factors of 20998?
2, 10499
List the prime factors of 667.
23, 29
List the prime factors of 5324.
2, 11
List the prime factors of 826.
2, 7, 59
List the prime factors of 6520.
2, 5, 163
What are the prime factors of 3975?
3, 5, 53
What are the prime factors of 190391?
190391
What are the prime factors of 34394?
2, 29, 593
What are the prime factors of 2285?
5, 457
What are the prime factors of 3413?
3413
What are the prime factors of 3075?
3, 5, 41
List the prime factors of 8778.
2, 3, 7, 11, 19
What are the prime factors of 13671?
3, 7, 31
What are the prime factors of 22647?
3, 7549
List the prime factors of 5821.
5821
What are the prime factors of 32228?
2, 7, 1151
List the prime factors of 9065.
5, 7, 37
What are the prime factors of 120969?
3, 13441
List the prime factors of 1825.
5, 73
List the prime factors of 29280.
2, 3, 5, 61
What are the prime factors of 23937?
3, 79, 101
What are the prime factors of 2039?
2039
List the prime factors of 20804.
2, 7, 743
What are the prime factors of 1414?
2, 7, 101
List the prime factors of 750.
2, 3, 5
List the prime factors of 6287.
6287
List the prime factors of 14137.
67, 211
List the prime factors of 46760.
2, 5, 7, 167
What are the prime factors of 2461?
23, 107
What are the prime factors of 2969?
2969
List the prime factors of 8525.
5, 11, 31
What are the prime factors of 1890?
2, 3, 5, 7
List the prime factors of 7050.
2, 3, 5, 47
List the prime factors of 5944.
2, 743
List the prime factors of 334.
2, 167
List the prime factors of 5552.
2, 347
List the prime factors of 10724.
2, 7, 383
What are the prime factors of 1759?
1759
What are the prime factors of 34304?
2, 67
List the prime factors of 112.
2, 7
List the prime factors of 2873.
13, 17
What are the prime factors of 699?
3, 233
What are the prime factors of 5296?
2, 331
What are the prime factors of 44255?
5, 53, 167
List the prime factors of 337.
337
What are the prime factors of 2609?
2609
List the prime factors of 4173.
3, 13, 107
What are the prime factors of 22809?
3, 7603
List the prime factors of 1845.
3, 5, 41
What are the prime factors of 14010?
2, 3, 5, 467
List the prime factors of 169020.
2, 3, 5, 313
What are the prime factors of 295?
5, 59
List the prime factors of 2535.
3, 5, 13
What are the prime factors of 165705?
3, 5, 11047
What are the prime factors of 83?
83
List the prime factors of 5016.
2, 3, 11, 19
List the prime factors of 276.
2, 3, 23
List the prime factors of 2034.
2, 3, 113
List the prime factors of 145.
5, 29
List the prime factors of 48408.
2, 3, 2017
What are the prime factors of 9302?
2, 4651
List the prime factors of 355.
5, 71
What are the prime factors of 46600?
2, 5, 233
List the prime factors of 828.
2, 3, 23
List the prime factors of 339.
3, 113
What are the prime factors of 3056?
2, 191
List the prime factors of 25792.
2, 13, 31
What are the prime factors of 30674?
2, 7, 313
List the prime factors of 229.
229
What are the prime factors of 30764?
2, 7691
List the prime factors of 10688.
2, 167
List the prime factors of 7642.
2, 3821
List the prime factors of 27855.
3, 5, 619
What are the prime factors of 13679?
13679
What are the prime factors of 4605?
3, 5, 307
What are the prime factors of 37564?
2, 9391
What are the prime factors of 72077?
72077
List the prime factors of 49289.
23, 2143
List the prime factors of 129338.
2, 11, 5879
What are the prime factors of 61576?
2, 43, 179
List the prime factors of 89937.
3, 3331
What are the prime factors of 107813?
131, 823
What are the prime factors of 3794?
2, 7, 271
What are the prime factors of 16508?
2, 4127
What are the prime factors of 14623?
7, 2089
List the prime factors of 61358.
2, 11, 2789
List the prime factors of 1579.
1579
What are the prime factors of 41647?
41647
List the prime factors of 148267.
7, 59, 359
List the prime factors of 2060.
2, 5, 103
List the prime factors of 1136.
2, 71
List the prime factors of 1434.
2, 3, 239
List the prime factors of 2064.
2, 3, 43
List the prime factors of 2819.
2819
What are the prime factors of 1572?
2, 3, 131
What are the prime factors of 262?
2, 131
List the prime factors of 27015.
3, 5, 1801
What are the prime factors of 3110?
2, 5, 311
List the prime factors of 9950.
2, 5, 199
What are the prime factors of 13629?
3, 7, 11, 59
What are the prime factors of 3674?
2, 11, 167
List the prime factors of 10723.
10723
What are the prime factors of 41288?
2, 13, 397
List the prime factors of 1199.
11, 109
List the prime factors of 71427.
3, 29, 821
List the prime factors of 128298.
2, 3, 21383
What are the prime factors of 1081?
23, 47
List the prime factors of 31587.
3, 10529
What are the prime factors of 774?
2, 3, 43
List the prime factors of 1773.
3, 197
What are the prime factors of 15524?
2, 3881
What are the prime factors of 19557?
3, 41, 53
What are the prime factors of 1051?
1051
List the prime factors of 61385.
5, 12277
List the prime factors of 702.
2, 3, 13
What are the prime factors of 70604?
2, 19, 929
List the prime factors of 1099.
7, 157
List the prime factors of 6845.
5, 37
What are the prime factors of 1834?
2, 7, 131
List the prime factors of 4161.
3, 19, 73
List the prime factors of 2226.
2, 3, 7, 53
Lis